{"id":6,"date":"2014-01-07T14:12:13","date_gmt":"2014-01-07T13:12:13","guid":{"rendered":"https:\/\/balanceofcowards.net\/boc_blog\/?page_id=6"},"modified":"2018-05-22T10:56:18","modified_gmt":"2018-05-22T08:56:18","slug":"uber","status":"publish","type":"page","link":"https:\/\/balanceofcowards.net\/boc_blog\/uber\/","title":{"rendered":"[:de]\u00dcber mich[:en]About me[:]"},"content":{"rendered":"<p>[:de]<\/p>\n<h1><a href=\"https:\/\/balanceofcowards.net\/wp-uploads\/balanceofcowards.net\/2014\/01\/sketch.png\"><img loading=\"lazy\" decoding=\"async\" class=\"alignnone wp-image-41\" src=\"https:\/\/balanceofcowards.net\/wp-uploads\/balanceofcowards.net\/2014\/01\/sketch-245x300.png\" alt=\"\/me\" width=\"87\" height=\"103\" \/><\/a> Le blog, c&#8217;est moi!<\/h1>\n<p style=\"text-align: justify;\">Ich bin Andreas Fischer, derzeit Professor an der <a href=\"https:\/\/www.th-deg.de\/de\/et-mt\/kontakt-und-personal\/professoren\/7168-prof-dr-andreas-fischer\" target=\"_blank\" rel=\"noopener\">Technischen Hochschule Deggendorf<\/a>. Wissenschaftlich besch\u00e4ftige ich mich vor allem mit Netzwerkvirtualisierung und Ressourcenverwaltung in virtuellen Netzen. Meine beruflichen Qualifikationen und Interessen habe ich auf einer separaten <a href=\"http:\/\/@ndreas.de\/\">Homepage<\/a> gesammelt.<\/p>\n<h1>Kontakt<\/h1>\n<p style=\"text-align: justify;\">Ich bin noch ganz traditionell per <a href=\"mailto:boc@balanceofcowards.net\">Mail<\/a> zu erreichen. Was Instant Messaging angeht &#8212; mein Jabber-\/XMPP-Account (<a class=\"linkification-ext\" title=\"Linkification: xmpp:cyberfrag@jabber.ccc.de\" href=\"xmpp:cyberfrag@jabber.ccc.de\">cyberfrag@jabber.ccc.de<\/a>) ist inzwischen mangels Kontakten eher inaktiv. Auf Skype (andreas.af.fischer) findet man mich aber nach wie vor. Au\u00dferdem bin ich inzwischen (aufgrund regelm\u00e4\u00dfiger N\u00f6rgelei meiner Mitmenschen) auch auf WhatsApp und <a href=\"https:\/\/www.facebook.com\/faisbuk.nahmainetveegen\">Facebook<\/a> aktiv.<\/p>\n<h1>Interessen<\/h1>\n<p>(oder: Was ich sonst so treibe&#8230;)<\/p>\n<h2>Kung Fu<\/h2>\n<p style=\"text-align: justify;\">Ich trainiere seit einigen Jahren <a href=\"http:\/\/de.wikipedia.org\/wiki\/Wing_Chun\" target=\"_blank\" rel=\"noopener\">Wing Chun Kung Fu<\/a> bei <a href=\"http:\/\/chi-point.de\/\" target=\"_blank\" rel=\"noopener\">J\u00fcrgen Reiske in Passau<\/a>. Im Zeitraum 2011-2015 war ich dabei selber als Trainingsleiter aktiv. Wer sich das anschauen will, kann gerne mal bei uns in der Michaeligasse vorbeischauen. Trainingszeiten sind normalerweise Montags und Donnerstags 19:00-21:00.<\/p>\n<h2 style=\"text-align: right;\">Chord Dump \/ Musik<\/h2>\n<p style=\"text-align: justify;\">Ein Bandprojekt mit Kollegen, in dessen Rahmen wir bekannte Rocksongs covern. Ich singe und spiele Gitarre. Wir sind immer wieder mal in der Kulturcafete zu sehen. Auch auf der JUniWiesn waren wir bislang zweimal vertreten. Beispielvideo gibt&#8217;s <a href=\"https:\/\/www.youtube.com\/watch?v=Cymf3RhNTU0\" target=\"_blank\" rel=\"noopener\">hier<\/a>. Online findet man die Band auf <a title=\"Chord Dump | Bandwebsite\" href=\"http:\/\/www.chorddump.de\/\" target=\"_blank\" rel=\"noopener\">www.chorddump.de<\/a>, sowie auch auf <a href=\"https:\/\/plus.google.com\/u\/0\/b\/105928518358854120399\" target=\"_blank\" rel=\"noopener\">Google+<\/a> und <a href=\"https:\/\/www.facebook.com\/ChordDump\" target=\"_blank\" rel=\"noopener\">Facebook<\/a>. Auch ansonsten bin ich musikalisch immer wieder mal aktiv &#8212; Beispiele finden sich hier im Bereich <a href=\"https:\/\/balanceofcowards.net\/boc_blog\/musik\/\">Musik<\/a>. Dabei versuche ich mich wechselseitig am Klavier, an der Gitarre und beim Singen zu verbessern. Mein Engagement beim <a href=\"http:\/\/www.ludwig-thoma-chor.de\/\" target=\"_blank\" rel=\"noopener\">Ludwig Thoma Chor<\/a> musste ich in letzter Zeit aufgrund Zeitmangel leider zur\u00fcckfahren.<\/p>\n<h2>Wandern in den Bergen<\/h2>\n<p style=\"text-align: justify;\">Als waschechter Chiemgauer bin ich selbstverst\u00e4ndlich leidenschaftlicher Bergfan. Grade bei sch\u00f6nem Wetter bin ich daher gerne mal in der Chiemgauer Berglandschaft unterwegs. Hochfelln, Hochgern, Kampenwand, Hochries, Heuberg sind nat\u00fcrlich alles alte Bekannte. Das n\u00e4chste gr\u00f6\u00dfere Projekt w\u00e4re mal eine Alpen\u00fcberquerung zu Fu\u00df. Mach ich irgendwann. Bestimmt!<\/p>\n<h2 style=\"text-align: right;\">Fotografie<\/h2>\n<p style=\"text-align: justify;\">In Kombination mit Wandern in sch\u00f6nen Gegenden experimentiere ich seit einiger Zeit immer wieder mal mit Landschaftsfotografie. Der Chiemgau ist da durchaus fotogen. Manchmal reicht&#8217;s aber auch schon einfach mal raus auf die Terasse zu gehen :)<\/p>\n<p style=\"text-align: justify;\">Besonders sch\u00f6ne Fotos finden sich in den <a href=\"https:\/\/balanceofcowards.net\/boc_blog\/fotoalben\/\">Fotoalben<\/a> hier auf der Seite.<\/p>\n<p>[:en]<\/p>\n<h1><a href=\"https:\/\/balanceofcowards.net\/wp-uploads\/balanceofcowards.net\/2014\/01\/sketch.png\"><img loading=\"lazy\" decoding=\"async\" class=\"alignnone wp-image-41\" src=\"https:\/\/balanceofcowards.net\/wp-uploads\/balanceofcowards.net\/2014\/01\/sketch-245x300.png\" alt=\"\/me\" width=\"87\" height=\"103\" \/><\/a> Le blog, c&#8217;est moi!<\/h1>\n<p>I am Andreas Fischer, currently Professor at the <a href=\"https:\/\/www.th-deg.de\/de\/et-mt\/kontakt-und-personal\/professoren\/7168-prof-dr-andreas-fischer\" target=\"_blank\" rel=\"noopener\">Deggendorf Institute of Technology<\/a>. My academic interest is primarily on network virtualization and resource assignment for virtual networks. My professional qualifications and interests can be found on a separate <a href=\"http:\/\/@ndreas.de\/\">homepage<\/a>.<\/p>\n<h1>Contact<\/h1>\n<p>I can be reached easily by <a href=\"mailto:boc@balanceofcowards.net\">e-Mail<\/a>. As for instant messaging, I am mostly reachable via Skype (andreas.af.fischer). Due to peer pressure, I am also somewhat active on WhatsApp and <a href=\"https:\/\/www.facebook.com\/faisbuk.nahmainetveegen\">Facebook<\/a>.<\/p>\n<h1>More info<\/h1>\n<p>&#8230; only in German, sorry.[:]<\/p>\n","protected":false},"excerpt":{"rendered":"<p>[:de] Le blog, c&#8217;est moi! Ich bin Andreas Fischer, derzeit Professor an der Technischen Hochschule Deggendorf. Wissenschaftlich besch\u00e4ftige ich mich vor allem mit Netzwerkvirtualisierung und Ressourcenverwaltung in virtuellen Netzen. Meine beruflichen Qualifikationen und Interessen habe ich auf einer separaten Homepage gesammelt. Kontakt Ich bin noch ganz traditionell per Mail zu erreichen. Was Instant Messaging angeht [&hellip;]<\/p>\n","protected":false},"author":1,"featured_media":0,"parent":0,"menu_order":1,"comment_status":"closed","ping_status":"closed","template":"","meta":{"footnotes":""},"class_list":["post-6","page","type-page","status-publish","hentry"],"_links":{"self":[{"href":"https:\/\/balanceofcowards.net\/boc_blog\/wp-json\/wp\/v2\/pages\/6","targetHints":{"allow":["GET"]}}],"collection":[{"href":"https:\/\/balanceofcowards.net\/boc_blog\/wp-json\/wp\/v2\/pages"}],"about":[{"href":"https:\/\/balanceofcowards.net\/boc_blog\/wp-json\/wp\/v2\/types\/page"}],"author":[{"embeddable":true,"href":"https:\/\/balanceofcowards.net\/boc_blog\/wp-json\/wp\/v2\/users\/1"}],"replies":[{"embeddable":true,"href":"https:\/\/balanceofcowards.net\/boc_blog\/wp-json\/wp\/v2\/comments?post=6"}],"version-history":[{"count":23,"href":"https:\/\/balanceofcowards.net\/boc_blog\/wp-json\/wp\/v2\/pages\/6\/revisions"}],"predecessor-version":[{"id":467,"href":"https:\/\/balanceofcowards.net\/boc_blog\/wp-json\/wp\/v2\/pages\/6\/revisions\/467"}],"wp:attachment":[{"href":"https:\/\/balanceofcowards.net\/boc_blog\/wp-json\/wp\/v2\/media?parent=6"}],"curies":[{"name":"wp","href":"https:\/\/api.w.org\/{rel}","templated":true}]}}