{"id":454,"date":"2018-05-22T10:10:08","date_gmt":"2018-05-22T08:10:08","guid":{"rendered":"https:\/\/balanceofcowards.net\/boc_blog\/?page_id=454"},"modified":"2018-05-22T10:50:12","modified_gmt":"2018-05-22T08:50:12","slug":"datenschutzerklaerung","status":"publish","type":"page","link":"https:\/\/balanceofcowards.net\/boc_blog\/datenschutzerklaerung\/","title":{"rendered":"[:de]Datenschutzerkl\u00e4rung[:en]Data protection statement[:]"},"content":{"rendered":"<p>[:de]<\/p>\n<h2>Eingebettete Inhalte von anderen Websites<\/h2>\n<p>Beitr\u00e4ge auf dieser Website k\u00f6nnen eingebettete Inhalte beinhalten (z.\u00a0B. Videos, Bilder, Beitr\u00e4ge etc.). Eingebettete Inhalte von anderen Websites verhalten sich exakt so, als ob der Besucher die andere Website besucht h\u00e4tte.<\/p>\n<p>Diese Websites k\u00f6nnen Daten \u00fcber dich sammeln, Cookies benutzen, zus\u00e4tzliche Tracking-Dienste von Dritten einbetten und deine Interaktion mit diesem eingebetteten Inhalt aufzeichnen, inklusive deiner Interaktion mit dem eingebetteten Inhalt, falls du ein Konto hast und auf dieser Website angemeldet bist.<\/p>\n<h2>Welche Rechte du an deinen Daten hast<\/h2>\n<p>Die Kommentarfunktion auf dieser Seite wurde deaktiviert. Wenn du schon Kommentare geschrieben hast, kannst du einen Export deiner personenbezogenen Daten bei mir anfordern, inklusive aller Daten, die du mir mitgeteilt hast. Dar\u00fcber hinaus kannst du die L\u00f6schung aller personenbezogenen Daten, die ich von dir gespeichert habe, anfordern. Dies umfasst nicht die Daten, die ich aufgrund administrativer, rechtlicher oder sicherheitsrelevanter Notwendigkeiten aufbewahren muss.<\/p>\n<h2>Kontakt-Informationen<\/h2>\n<p>&#8230; findet man <a href=\"https:\/\/balanceofcowards.net\/boc_blog\/uber\/\">hier<\/a>.[:en]<\/p>\n<h2>Embedded content from other web sites<\/h2>\n<p>Articles on this web site can contain embedded content from other web sites (e.g., videos, pictures, etc.). Embedded content behaves exactly the same as if the visitor would visit the original site.<\/p>\n<p>These web sites may collect data about you, use cookies, employ additional tracking services by third parties and record your interaction with the embedded content, if you have an account and are logged on to this web site.<\/p>\n<h2>Your rights on your data<\/h2>\n<p>The commenting functionality on this site has been deactivated. If you have already written comments, you can request an export of all personal data from me, including all data I have from you. Moreover you can ask me to delete all your personal data which I have saved. This does not cover data which I have to keep due to administrative, legal or security-relevant requirements.<\/p>\n<h2>Contact information<\/h2>\n<p>&#8230; can be found <a href=\"https:\/\/balanceofcowards.net\/boc_blog\/uber\/\">here<\/a>.[:]<\/p>\n","protected":false},"excerpt":{"rendered":"<p>[:de] Eingebettete Inhalte von anderen Websites Beitr\u00e4ge auf dieser Website k\u00f6nnen eingebettete Inhalte beinhalten (z.\u00a0B. Videos, Bilder, Beitr\u00e4ge etc.). Eingebettete Inhalte von anderen Websites verhalten sich exakt so, als ob der Besucher die andere Website besucht h\u00e4tte. Diese Websites k\u00f6nnen Daten \u00fcber dich sammeln, Cookies benutzen, zus\u00e4tzliche Tracking-Dienste von Dritten einbetten und deine Interaktion mit [&hellip;]<\/p>\n","protected":false},"author":1,"featured_media":0,"parent":0,"menu_order":2,"comment_status":"closed","ping_status":"closed","template":"","meta":{"footnotes":""},"class_list":["post-454","page","type-page","status-publish","hentry"],"_links":{"self":[{"href":"https:\/\/balanceofcowards.net\/boc_blog\/wp-json\/wp\/v2\/pages\/454","targetHints":{"allow":["GET"]}}],"collection":[{"href":"https:\/\/balanceofcowards.net\/boc_blog\/wp-json\/wp\/v2\/pages"}],"about":[{"href":"https:\/\/balanceofcowards.net\/boc_blog\/wp-json\/wp\/v2\/types\/page"}],"author":[{"embeddable":true,"href":"https:\/\/balanceofcowards.net\/boc_blog\/wp-json\/wp\/v2\/users\/1"}],"replies":[{"embeddable":true,"href":"https:\/\/balanceofcowards.net\/boc_blog\/wp-json\/wp\/v2\/comments?post=454"}],"version-history":[{"count":3,"href":"https:\/\/balanceofcowards.net\/boc_blog\/wp-json\/wp\/v2\/pages\/454\/revisions"}],"predecessor-version":[{"id":466,"href":"https:\/\/balanceofcowards.net\/boc_blog\/wp-json\/wp\/v2\/pages\/454\/revisions\/466"}],"wp:attachment":[{"href":"https:\/\/balanceofcowards.net\/boc_blog\/wp-json\/wp\/v2\/media?parent=454"}],"curies":[{"name":"wp","href":"https:\/\/api.w.org\/{rel}","templated":true}]}}